ulate (47 - (-58 - -113)) + -24.
-32
What is 1 + 15 + (-7 - (-25 - -17))?
17
What is the value of (-13 - -6) + (88 + -4 - (2 + -4)) - 10?
69
-170 + 183 + (-2 + 2 - -7)
20
Calculate -1088 + 1193 + (-44 - 3).
58
What is 16 + 172 + -45 + -9 - (0 + 16)?
118
1 + (24 - 68) + -19
-62
5 + 1 - (3323 - 3319)
2
Evaluate -2 + 21 + -124 + 130 + -65.
-40
-57 - ((-21 - -2) + -137 + 145)
-46
Evaluate 1 + (52 - 27) + -45 - 34.
-53
Evaluate 54 - -11 - (-132 + 185).
12
What is 1 + 26 + (4 - (19 + -29)) + -12?
29
What is -57 + 0 - (5 + (-10 - 1 - (240 + -237)))?
-48
Evaluate -23 + (-47 + 32 - (-15 - 7 - -13)).
-29
What is 393 - 203 - (7 + 33) - (23 + 1)?
126
Calculate (-8 - -7) + (-2 - -18) + (-601 - -686).
100
What is the value of -1 + 11 + 1 - (-7969 - -7983) - 56?
-59
What is (-17 - -14) + 67 + -31?
33
-828 + 875 - (105 + 0)
-58
Evaluate -1439 + 1429 - (55 + 0) - 25.
-90
Calculate (24 - (-26 - -41)) + (-2 - 2) + 4 - -105.
114
Calculate -9 + (30 - 85) + 52.
-12
Evaluate (-19 - (-13 - (-16 + 7 + 15))) + -61 + 0.
-61
What is the value of (123 - 100) + -54 + 7 + -3?
-27
What is the value of -205 + (-54 - -93) + 69?
-97
What is the value of (44 - 34) + (0 - 7) + 4 + -24?
-17
What is -90 + 29 + 57 + (98 - 1) + (-15 - -3)?
81
What is the value of 27 + 136 + -88 + -45 + 0 + 3?
33
What is the value of -111 + (33 + 38 - -18)?
-22
Evaluate 110 + -84 + (-18 - -27).
35
-6 - (0 + -2) - (35 + -1 - (226 - 195))
-7
What is the value of 40 + -65 + -71 + 74?
-22
(62 + -26 + -5 + 3 - 10) + -5
19
(1 - 3) + -1 + -17 + 3249 + -3186
43
What is the value of (-2904 - -2832) + (140 - 1)?
67
What is (6 - 32) + 15 - -70?
59
What is (2 - -74 - -4 - 31) + 50?
99
0 - 12 - (-3662 - -3598)
52
Calculate (20 + -3 - -2) + -32 + -11.
-24
What is (10 - 1) + -2 + 29 + -4 + 20 + 5?
57
Evaluate (-1222 - -1249) + (-19 - -76).
84
Evaluate (-3 - (-17 - (-9 + 27))) + 9 + 1.
42
What is the value of -42 - (5 + -2 + 3 + -363 + 338)?
-23
-183 + (-112 - -42) + 163
-90
Evaluate -97 + (-19 - -60) + -15 + -2.
-73
Evaluate -182 - 2 - -93 - -150.
59
What is the value of 2 + ((-47 - -18) + 38 - (6 - -1))?
4
Evaluate -32 - (-2 - 0) - (-1356 - -1305).
21
What is the value of 19 - (-14 - (-6 - (-7 - -9 - -20)))?
5
What is the value of (9 + (-9 - -19) - -16) + -60?
-25
(-4 - (-5 + 34 + -11 - 11)) + -20
-31
What is the value of (-789 - -776) + -4 + 7?
-10
What is the value of -47 - (-4 - ((1 - -3) + 0 - (29 - 27)))?
-41
What is the value of (32 - 20) + -4 + (8 - (1 - (-4 + 2)))?
13
Calculate (-1 - (-22 - -19)) + (55 - (17 + -6 + -5)).
51
What is the value of -12 - -24 - 26 - (22 - 5 - 4)?
-27
Calculate (-60 - -27) + (41 - -63).
71
192 + -93 - (10 + -6 + (3 - -1))
91
Evaluate -86 + (-69 - -86) + 36.
-33
54 + -2 + (-17 + -12 - -9)
32
Calculate -4 + (-2 + 0 - -3 - -2) + (419 - 391).
27
What is the value of -14 - (27 + 124) - -37?
-128
What is the value of -71 + 49 + -13 + (1 - -13)?
-21
What is -8 + -1 + (33 + -2 + 3 - -70)?
95
Calculate (54 - (8 + -8)) + (-129 - -104).
29
What is (2 - 5 - -4) + 17 - (2 - (-3 + 15))?
28
Evaluate 0 + -1 - -9 - (-40 - -115).
-67
What is the value of 4 - 3 - 9 - (165 + 65 + -148)?
-90
What is the value of (-33 - -22) + (1 + 61 - (31 + (-23 - -1)))?
42
What is the value of -31 + -12 - (-19 + 46 - -9)?
-79
Calculate -1798 - -1772 - (-1 - -101).
-126
0 + (46 - 91) + 13 + 33
1
-3 + (5 - 56 - (1 + -5 - (-254 + 245)))
-59
Evaluate 33 + (-82 + 89 - (-1 + -9)).
50
1 + 83 - 0 - ((-241 - -207) + 7 + 23)
88
-386 + 370 - (-3 + 15)
-28
What is 0 + (28 - 28) + -7?
-7
What is -31 - (6 - 19 - -4) - (-6 - 2)?
-14
Evaluate (-2 - -1) + (5 - (-1 + 13)) + 46.
38
-30 + (-18 - -6) + 30 - -16
4
What is 8 + -48 + 9 + 15 + -20?
-36
What is the value of -5 - (-7 + 11 - 18) - (-25 - -13)?
21
(-1 - -43) + -53 - (1 + 3 - 51)
36
(977 - 986) + -1 + 10 + (0 + -1 - -68)
67
(2 - -40) + 164 + -222
-16
Evaluate 16 - (-2 - -8) - (-9 - (-69 - -1) - 3).
-46
What is the value of 82 - 99 - -104 - 16?
71
(231 - 116 - 212) + -20
-117
3 + (78 - (-9 - -30)) + -11
49
Calculate (898 - 841) + 11 + -50.
18
1 + 107 - (59 - (16 + 43 - 19))
89
Calculate 7 + (-3 + 1 - -11 - (-147 + 154) - 78).
-69
What is the value of (-5 + 9 + 45 - 2) + 28 + -41?
34
(11 - -34 - 70) + (-3 - -13)
-15
Calculate 19 - ((-13 - -6) + 20) - -46.
52
(-5 - 0) + 15 + (37 + -18 - 33)
-4
-38 - (2 + (-6 - 0) + -6 - 4)
-24
What is 102 + (-30 - -10) - ((9 - -2) + 3)?
68
Calculate -120 - (6 + (-8 - -3)) - (2 - (-40 + 36)).
-127
-38 + (19 - (33 + -15))
-37
(-1 - (32 - 1)) + 35 + -52 + 18
-31
What is -39 + 25 + 20 - 16?
-10
What is the value of 127 - (247 - (30 + 43))?
-47
What is the value of 5 - (-44 + 65 + -15 + 0) - 13?
-14
Calculate (-17 - (298 - 304)) + 0 + 0 + -13.
-24
Calculate (15 - 2) + -254 + 254 + 18.
31
Evaluate -2 + 1 + (55 - 43) + 53 + -46.
18
(5 - 21) + (3 - -4) - (-11 + -16 - 12)
30
What is (-342 - (-24 + -106)) + 111?
-101
-12 + 4 + (-8 + (5 - -134) - -2) + 3
128
Calculate 19 - (5 + -4) - 50.
-32
What is -4 + -2 + -3 + -19?
-28
What is the value of (4 - 9) + 7 + 10 + 0 + -14 + -4?
-6
What is -48 + (4721 - 4731 - (-1 - ((3 - 1) + 0)))?
-55
What is -21 + 23 - (1 - 7 - ((-2 - 18) + 12))?
0
Calculate 10 - (74 + (-9 - ((63 - 70) + 2 + -3))).
-63
What is the value of 23 + 74 + -73 + -45?
-21
What is (24 - (29 - (30 - 17))) + -76?
-68
Evaluate 11 + (11 + 6 - (-33 + 45)) + 2.
18
What is the value of -26 + (-35 - -100) - -39 - (7 + 2 + -1)?
70
What is the value of (34 - 1 - 28) + -47?
-42
What is 54 + (-41 + 6 - 28)?
-9
Evaluate 18 - 37 - (-114 + (4 - 4)) - (-3 - 0).
98
Evaluate (9 - 8 - 1) + 14 + (95 - 6).
103
13 + -4 + (7 - (10 + -10)) + -10
6
Calculate 2 + (-13 - ((80 - 109) + (14 - 0))).
4
Evaluate -12 + 44 + -15 + -9 - -16.
24
What is 132 - (50 - -63 - 98)?
117
Calculate 20 - (-2 - (-4 - (34 - 5))).
-11
-37 + (24 - 14) - 9 - (-7 + 8)
-37
1 + (-46 - (-30 + (21 - 12)))
-24
What is -122 - 0 - (4852 - 4984)?
10
Calculate (25 - (25 + (13 - 35))) + -70.
-48
What is -42 + 4 + (68 - 20)?
10
What is -443 - (-651 - -224) - (-1 + -3 + (-1 - 0))?
-11
What is 225 + -237 + 107 - (-14 - 2)?
111
Calculate -615 + 597 + (3 - (1 + -2) - 6).
-20
What is (5 - 1) + (19 - 1) + 265 + -288?
-1
What is (10 + -45 - 23) + -27 + 15?
-70
Calculate (-26 - -1 - 1) + (-5257 - -5319).
36
Calculate -2 + 16 - (-192 - -210) - -7.
3
What is the value of (-1 - 2 - -10) + (40 + -82 - 30)?
-65
What is the value of -23 + (3 - 18) + -2 + 5?
-35
-78 + (45 - 28 - -16)
-45
What is the value of 94 + (-3 - 229) + 112?
-26
Evaluate -2 + -14 - (26 + -39 + 7 + -14).
4
What is the value of -20 - (12 + 1 + -24 + -6 - -7)?
-10
Calculate (-11 - ((-6 - -8 - -8) + -28)) + -44 + -7.
-44
-4 + 4 - 80 - (-2 + (10 - 2) - 2)
-84
Evaluate -34 - (48 - (-29 - (52 + -33))).
-130
What is the value of 27 + (106 + -58 - 96)?
-21
Calculate 1 + -4 + 3 - (1 - (60 - 6)).
53
Calculate (-4 - 59) + -11 + 50.
-24
Calculate -72 + (107 - 8) + -2 + -12.
13
What is the value of 1 + -64 - (95 - (28 + 61))?
-69
What is the value of -621 + 760 - (-1 + 70)?
70
What is the value of 114 + 5 - -49 - 120?
48
Calculate -134 - (93 - (275 - 19)).
29
-11 + (-59 - -69) - -22
21
Calculate -27 + -14 - (42 + -9 + -6).
-68
-26 + (-10 - (-19 + 7 + 2 + 0))
-26
(386 - 403) + 12 + 81
76
What is -16 + (68 - (-39 - -66))?
25
Calculate 14 - (9 - (-8 - -55)).
52
Evaluate 28 + (-43 + 3 - -51) - 14.
25
43 - (-57 + -34) - (38 - 1)
97
(1 - -19 - -2) + (-579 - -551)
-6
What is 45 + 1 + 0 - (-131 + 38 + 91)?
48
Evaluate 65 - 42 - (30 + 12).
-19
15 + (8 - 8 - 20 - 55)
-60
40 - (-22 + 13 - -26)
23
Calculate -14 + 20 + (22 - 23) + -68.
-63
9 + (8 - -7 - 19 - 76) + (6 - 0)
-65
What is the value of 141 + -101 + -26 + 2 - 37?
-21
Evaluate 54 - (16 + -24 + 24).
38
Calculate -24 + -209 + 93 + 55.
-85
Calculate 14 + (102 - 13 - 28).
75
What is the value of 1 + 11 + 10 + -26 + 20?
16
19 - (76 + -10) - (37 + -33)
-51
35 + (-172 + 80 - -91)
34
What is the value of -1 + 2 - -1 - (-241 - -145 - -121)?
-23
Calculate 2 + -16 - (-15 + (-10 - 3) + 27 + 9).
-22
(13 - 7 - (8 - (5 + 4))) + -41
-34
What is the value of 0 + 65 + (285 - 318)?
32
What is the value of -34 + -2 - (2092 - 2173)?
45
What is the value of (-95 - -21 - -20) + -2 + 9 + 3?
-44
(-4 - -12) + -117 + 116 + 28 + 0
35
What is (7 + -1 - (-81 + 81)) + 3 + 19?
28
Calculate -64 + (13 - 23) + -4 + (-38 - -16).
-100
What is the value 